7) is divided by 7.
5
Let o be 4/(-6)*((4 - 0) + -16). Let p be 154/o - ((-34)/(-8) - 5). Suppose -141 = -p*u + 19*u. What is the remainder when u is divided by 11?
9
Let z = 42 + -30. Suppose 3735 = 70*p - 25*p. Calculate the remainder when p is divided by z.
11
Calculate the remainder when 1375 is divided by (-5 - 71/(-4))*(-9 + 13).
49
Suppose -2*p - p = -132. Let u = 192 + -76. Suppose 84 = -4*x + u. Calculate the remainder when p is divided by x.
4
Let a(r) = r + 4. What is the remainder when ((-3766)/(-14))/(2/2) is divided by a(6)?
9
Let a(m) = m**2 + 17*m + 2. Let h be a(-17). Let j(s) = 10*s**3 - 4*s**2 + s - 3. Suppose -38 - 6 = -4*u. What is the remainder when j(h) is divided by u?
8
Suppose -5*p - n + 744 = 0, p - 10*n - 120 = -15*n. What is the remainder when p is divided by 12?
6
Let k be 51/(-85) + 452/(-5). Let x = k - -96. Suppose x*g + 9 = 3*v - 51, v - 34 = -3*g. Calculate the remainder when 120 is divided by v.
20
Let p(q) = q**2 - q + 3. Let f be p(-3). What is the remainder when -1 + (f + 0 - 2) is divided by -3*1/(-2)*(45 + -51 + 8)?
0
Let t = 2782 - 2679. What is the remainder when 301 is divided by t?
95
Suppose -168*p + 21059 + 15541 = 32*p. Calculate the remainder when 8600 is divided by p.
182
Suppose 244*n = 242*n - 3*y + 157, 110 = n - 3*y. Let p(l) = -9*l. What is the remainder when n is divided by p(-1)?
8
Let g = 669 + -448. Calculate the remainder when g is divided by (-74)/(-3)*273/182.
36
Suppose -3*v = 3*d + 27, 3*v = v - d - 17. Let x be ((-26)/(-8))/((-9)/v + -1). Let p = x + 9. What is the remainder when p is divided by 9?
8
Suppose -380738 = -75*t - 8213. What is the remainder when t is divided by 23?
22
Suppose 2*m = -3*m + 5, -4*g = -5*m - 395. Suppose -7*q = -5*l - 9*q + g, 5*q - 115 = -5*l. Calculate the remainder when 141 is divided by l.
15
Let v(i) = 25*i - 97. Let o be v(4). Suppose 0 = -b + 2*j + 108, -o*b - 105 = -4*b + 3*j. Calculate the remainder when b is divided by 40.
34
Suppose 4*o = 20, -2*l + 266 = -4*l + 4*o. Let j = l + 129. Calculate the remainder when 69 is divided by j.
3
Suppose 0 = j - 3*q - 4, -4*j + 15 = -q - 45. What is the remainder when 8/(-3)*-1*492/j is divided by 42?
40
Suppose 49*z + z - 353 = 1997. Let a = -5 - -30. Calculate the remainder when z is divided by a.
22
Let g(h) = 7*h**2 - 6*h + 3. Let n(r) = -r**3 - 4*r**2 + 14*r + 28. What is the remainder when g(4) is divided by n(-6)?
11
Calculate the remainder when (-63)/(945/(-300)) + 2238 is divided by 8.
2
Let g = 5680 - 5650. Calculate the remainder when 39 is divided by g.
9
Suppose 41*r - 39*r - 4*y = 230, 2*r - 200 = -y. What is the remainder when r is divided by 21?
19
Suppose -1859*u + 114802 = -1798*u. Calculate the remainder when u is divided by 58.
26
Suppose 2*o + 80 = 3*g, -2*g - 3*o = -6*o - 60. Let n be g/64 + 5/8. Calculate the remainder when 48 is divided by 5*3 + n + (4 - 3).
14
Let b be (6/(-5))/((-8)/20). Let j(v) = 46*v**2 + 4*v**b - 53*v**2 - 2 + 2*v**3 - 2*v - 4*v**3. What is the remainder when 17 is divided by j(4)?
5
Let x = -2 - 0. Let a(p) = p**3 - 8*p**2 + 12*p + 2. Let w be a(6). Calculate the remainder when 203 is divided by w*x*136/(-16).
33
Let n = -2 - 0. What is the remainder when 3/6*n + 64 is divided by 12/(-18)*-12 + 8?
15
Let s be -16*(-2)/24*-6. Let l(z) = z**3 + 11*z**2 + 3*z - 6. Suppose 0 = 3*d - 83 - 16. Calculate the remainder when l(s) is divided by d.
30
Suppose -1 = i - 7. Suppose 55 = 2*m + 5*q, 2*m - 3*q = -i*q + 45. Calculate the remainder when m is divided by 12.
3
Suppose 42*n + n - 30118 - 6518 = 0. Calculate the remainder when n is divided by 219.
195
Let u = -27208 - -27482. What is the remainder when 10958 is divided by u?
272
Let q(r) = r**3 + 4*r**2 + 7*r + 16. Let x be q(-3). Suppose b = 9*b + 1904. Calculate the remainder when (b/x + 3)*2*-1 is divided by 39.
35
Suppose -50*z + 597 = -2203. What is the remainder when 308 is divided by z?
28
Let d = -18 + 94. Let r = 75 - d. What is the remainder when 7 + 64 - (r + 1) is divided by 12?
11
Suppose 4*o - 5*m - 353 = 0, 72*m - 67*m - 475 = -5*o. What is the remainder when 298 is divided by o?
22
Let n = 397 + -381. Suppose n*i - 845 = 5027. Calculate the remainder when i is divided by 46.
45
Let r(z) = z**3 - 67*z**2 + 96*z - 6413. Let l(f) = f**3 + f**2 - 6*f - 2. Let x be l(-5). Let a = x + 108. Calculate the remainder when a is divided by r(67).
17
Suppose 4*y - 145 = -s, 8*y - 182 = 3*y - s. Calculate the remainder when y is divided by 34.
3
Let q = 114 - -120. Suppose 2*h - b = -418 - 85, 4*b - q = h. Calculate the remainder when (-8)/(-12) - (h/6 - 0) is divided by 15.
13
Let l(d) = 8*d - 10. Let g be l(-3). Let h = 57 + g. Let j = 64 - h. Calculate the remainder when j is divided by 22.
19
Let x = -9451 + 10223. What is the remainder when x is divided by 26?
18
Let q = -29425 - -29436. Calculate the remainder when 3638 is divided by q.
8
Suppose 33*b = -2*b + 245. Suppose -13 = -2*h + 13. What is the remainder when h is divided by (-2*b)/(-5*(-24)/(-60))?
6
Suppose 0 = -86*j + 2186 - 208. Calculate the remainder when 332 is divided by j.
10
Let k = 9 + 1. Suppose -140 + 1540 = 20*q. What is the remainder when -2*21/q*-25 is divided by k?
5
Suppose 0 = 752*b - 1194322 - 873678. What is the remainder when b is divided by 23?
13
Let s(q) = q**3 + 2*q**2 + 26*q - 27. Let t be s(1). Let r = 8 - 2. Suppose -t*l - k - 3*k = 4, -l - r = 3*k. What is the remainder when 10 is divided by l?
4
Let a(b) = 6*b + 22. Let l be a(-3). Let y be (-35)/4 + (-1)/l. What is the remainder when 95 is divided by (y/12)/((-4)/176)?
29
Let o(x) = 3*x**2 - 5*x + 31. Let f be o(-17). Suppose -3*p - 719 = -4*q + 62, -3*p = 5*q - f. Let v = q - 65. What is the remainder when v is divided by 33?
32
Suppose 5*m = 98 + 12. Let z(a) = -12*a**2 + 724*a + 636. Calculate the remainder when z(61) is divided by m.
16
Suppose 0 = -r + 23 + 80. What is the remainder when r is divided by 13?
12
Calculate the remainder when 3117 is divided by ((-420)/(-126))/((-15)/(-216)).
45
Let d(l) = -l**3 + 13*l**2 - 9*l - 33. Let g be d(12). Let t(b) = b**3 + 5*b**2 - 20*b + 3. Calculate the remainder when 266 is divided by t(g).
11
Suppose -17*u + 5138 + 498 + 3833 = 0. Calculate the remainder when u is divided by 47.
40
Suppose -407*c + 426*c - 1330 = 0. Calculate the remainder when 165 is divided by c.
25
Let t(r) = 20*r + 2011. Calculate the remainder when t(-71) is divided by 26.
19
Let h(i) = i**3 + 10*i**2 - 15*i - 19. Suppose 0 = -2*f - c - 27, -17 = 2*f - 4*c + 3*c. What is the remainder when 63 is divided by h(f)?
13
Suppose -2*b = -2, 4*b - 174 = 5*f + 165. Let m = -8 - f. Let s = m - 50. Calculate the remainder when s is divided by 4.
1
Suppose 5*d - 1117 = -4*h, 2*d - 34*h = -30*h + 486. What is the remainder when 1365 is divided by d?
220
Let b = 374 - 854. Let y = b - -505. What is the remainder when 123 is divided by y?
23
What is the remainder when 1937 is divided by (24/5)/(-9 - 2448/(-270))?
65
Suppose b + 89 = 2*x, 3*x = -b - x - 83. Let h = -46 - b. What is the remainder when 243 is divided by h?
38
Let d(x) = -x + 6. Let i be d(3). Suppose c = -4*z + 16, 5*c - i*z = 4*c - 5. Calculate the remainder when 371/159 + 40/6 is divided by c.
1
Let f(z) = z**3 + 21*z**2 - 25*z - 13. Calculate the remainder when f(-7) is divided by 162.
38
Let b(h) = h**3 - 5*h**2 - 18*h + 88. Calculate the remainder when 173 is divided by b(6).
13
Suppose -2*o - 16 = 0, 31*a - 4*o = 36*a - 193. Calculate the remainder when 3687 is divided by a.
42
Let z(x) = x**2 + 27*x - 161. Calculate the remainder when z(-46) is divided by 51.
50
Let x(h) = -190*h - 1045. Calculate the remainder when 670 is divided by x(-6).
5
Suppose 3*a = 5*a - 18. Suppose -3*j + 9 = -a. Let o = 253062 + -253034. Calculate the remainder when o is divided by j.
4
Suppose v - 22 + 2 = z, 15 = 5*z. Suppose 2*d + t - 153 = 0, 122*d - 1085 = 108*d - 5*t. Calculate the remainder when d is divided by v.
11
Let f be (-4)/(-6) - 20/(-6). Suppose f*x - 3 - 17 = 0. Suppose -4*n = 0, 3*d - d = -x*n + 222. What is the remainder when d is divided by 28?
27
Let l = -85 - -88. Let w(k) = k**3 + 3*k**2 - 3*k - 5. Calculate the remainder when w(l) is divided by 27.
13
What is the remainder when 382 is d